 of 525709?
525709
List the prime factors of 124423.
13, 17, 563
List the prime factors of 366524.
2, 91631
List the prime factors of 201796.
2, 7, 7207
What are the prime factors of 240687?
3, 47, 569
What are the prime factors of 194103?
3, 7, 13, 79
What are the prime factors of 4746521?
13, 53, 83
What are the prime factors of 1373787?
3, 17, 41, 73
List the prime factors of 3549777.
3, 7, 11, 127
What are the prime factors of 3404785?
5, 733, 929
List the prime factors of 1532633.
1532633
List the prime factors of 139933.
41, 3413
What are the prime factors of 2581913?
2581913
List the prime factors of 2193646.
2, 7, 13, 17, 709
List the prime factors of 222424.
2, 27803
What are the prime factors of 54213?
3, 17, 1063
What are the prime factors of 720965?
5, 7, 20599
List the prime factors of 462090.
2, 3, 5, 73, 211
What are the prime factors of 9394903?
7, 241, 5569
List the prime factors of 199060.
2, 5, 37, 269
What are the prime factors of 152090?
2, 5, 67, 227
List the prime factors of 364780.
2, 5, 13, 23, 61
What are the prime factors of 4793433?
3, 41, 38971
List the prime factors of 117613.
337, 349
List the prime factors of 1790779.
29, 61751
What are the prime factors of 7588046?
2, 197, 19259
List the prime factors of 3589938.
2, 3, 11, 18131
List the prime factors of 2418460.
2, 5, 11, 10993
What are the prime factors of 383932?
2, 53, 1811
List the prime factors of 285657.
3, 95219
What are the prime factors of 566677?
566677
What are the prime factors of 139223?
7, 19889
List the prime factors of 5247341.
11, 477031
What are the prime factors of 133286?
2, 66643
What are the prime factors of 653727?
3, 217909
List the prime factors of 1175981.
1175981
What are the prime factors of 223884?
2, 3, 691
What are the prime factors of 175396?
2, 13, 3373
List the prime factors of 658141.
11, 19, 47, 67
List the prime factors of 1439076.
2, 3, 119923
List the prime factors of 228471.
3, 76157
What are the prime factors of 2963755?
5, 31, 19121
List the prime factors of 2379244.
2, 7, 61, 199
List the prime factors of 6875981.
7, 61, 16103
List the prime factors of 28244610.
2, 3, 5, 313829
What are the prime factors of 6341103?
3, 704567
List the prime factors of 1672980.
2, 3, 5, 27883
List the prime factors of 223225.
5, 8929
What are the prime factors of 107412?
2, 3, 8951
List the prime factors of 148937.
17, 8761
What are the prime factors of 13384497?
3, 7, 83, 1097
List the prime factors of 2156352.
2, 3, 11, 1021
What are the prime factors of 519157?
31, 16747
What are the prime factors of 6819707?
23, 296509
List the prime factors of 1945492.
2, 43, 11311
List the prime factors of 1713561.
3, 607, 941
What are the prime factors of 28422471?
3, 7, 11, 41, 3001
List the prime factors of 71507.
23, 3109
List the prime factors of 29394.
2, 3, 23, 71
List the prime factors of 1549070.
2, 5, 19, 31, 263
List the prime factors of 213924.
2, 3, 17827
What are the prime factors of 2637664?
2, 139, 593
What are the prime factors of 199155?
3, 5, 11, 17, 71
What are the prime factors of 868552?
2, 151, 719
List the prime factors of 6817109.
13, 131, 4003
List the prime factors of 6362094.
2, 3, 1060349
What are the prime factors of 32534?
2, 16267
List the prime factors of 401644.
2, 100411
List the prime factors of 330107.
29, 11383
What are the prime factors of 1210112?
2, 29, 163
What are the prime factors of 3729646?
2, 1864823
List the prime factors of 16332557.
59, 276823
What are the prime factors of 1042382?
2, 11, 47381
List the prime factors of 2400890.
2, 5, 240089
List the prime factors of 357161.
7, 37, 197
What are the prime factors of 1055513?
17, 29, 2141
What are the prime factors of 1099306?
2, 13, 42281
List the prime factors of 3550457.
109, 32573
List the prime factors of 18974878.
2, 13, 271, 2693
List the prime factors of 123708.
2, 3, 13, 61
List the prime factors of 21156050.
2, 5, 423121
What are the prime factors of 4659765?
3, 5, 11, 31, 911
What are the prime factors of 46606?
2, 7, 3329
What are the prime factors of 1562855?
5, 7, 6379
List the prime factors of 139541.
23, 6067
List the prime factors of 328417.
23, 109, 131
What are the prime factors of 379154?
2, 101, 1877
List the prime factors of 169007.
169007
List the prime factors of 11131430.
2, 5, 17, 65479
What are the prime factors of 143765?
5, 28753
List the prime factors of 381550.
2, 5, 13, 587
List the prime factors of 77709.
3, 25903
List the prime factors of 2888975.
5, 73, 1583
List the prime factors of 10335348.
2, 3, 287093
What are the prime factors of 3197992?
2, 7, 57107
What are the prime factors of 811093?
79, 10267
What are the prime factors of 11220445?
5, 149, 15061
List the prime factors of 1235066.
2, 7, 47, 1877
What are the prime factors of 153964?
2, 61, 631
List the prime factors of 41197865.
5, 307, 26839
What are the prime factors of 216327?
3, 72109
List the prime factors of 1409023.
7, 11, 29, 631
List the prime factors of 895901.
895901
List the prime factors of 3220514.
2, 11, 17, 79, 109
List the prime factors of 29770.
2, 5, 13, 229
List the prime factors of 10734564.
2, 3, 894547
List the prime factors of 583421.
583421
List the prime factors of 591217.
11, 71, 757
What are the prime factors of 276784?
2, 17299
List the prime factors of 808394.
2, 404197
What are the prime factors of 206164?
2, 7, 37, 199
List the prime factors of 3634073.
17, 19, 11251
List the prime factors of 878299.
878299
List the prime factors of 722550.
2, 3, 5, 4817
List the prime factors of 423645.
3, 5, 61, 463
What are the prime factors of 211277?
11, 19207
What are the prime factors of 2664666?
2, 3, 37, 4001
What are the prime factors of 450423?
3, 50047
List the prime factors of 376563.
3, 11, 11411
List the prime factors of 207588.
2, 3, 17299
What are the prime factors of 323812?
2, 80953
What are the prime factors of 755854?
2, 11, 17, 43, 47
List the prime factors of 350509.
41, 83, 103
List the prime factors of 10243762.
2, 103, 49727
What are the prime factors of 12215288?
2, 1031, 1481
List the prime factors of 3004844.
2, 37, 79, 257
List the prime factors of 70056.
2, 3, 7, 139
What are the prime factors of 3064563?
3, 163, 2089
List the prime factors of 4142209.
19, 311, 701
What are the prime factors of 615351?
3, 11, 29, 643
What are the prime factors of 7712362?
2, 7, 59, 9337
What are the prime factors of 96230?
2, 5, 9623
List the prime factors of 6787544.
2, 848443
List the prime factors of 428612.
2, 83, 1291
List the prime factors of 251327.
97, 2591
List the prime factors of 5196719.
11, 211, 2239
What are the prime factors of 3771093?
3, 17, 73943
What are the prime factors of 10791794?
2, 13, 415069
List the prime factors of 11958860.
2, 5, 73, 8191
What are the prime factors of 15393477?
3, 11, 19, 24551
List the prime factors of 154682.
2, 11, 79, 89
What are the prime factors of 49266?
2, 3, 7, 17, 23
List the prime factors of 8953736.
2, 11, 101747
What are the prime factors of 46246?
2, 19, 1217
List the prime factors of 146454.
2, 3, 7, 11, 317
List the prime factors of 22233975.
3, 5, 31, 73, 131
List the prime factors of 20769.
3, 7, 23, 43
List the prime factors of 1290345.
3, 5, 7, 12289
What are the prime factors of 11008599?
3, 7, 524219
List the prime factors of 298435.
5, 17, 3511
List the prime factors of 1506742.
2, 59, 113
What are the prime factors of 5086125?
3, 5, 11, 137
What are the prime factors of 40144486?
2, 47, 427069
What are the prime factors of 33441604?
2, 7, 1194343
List the prime factors of 10520681.
43, 244667
What are the prime factors of 12013186?
2, 17, 353329
What are the prime factors of 1376005?
5, 275201
List the prime factors of 64985.
5, 41, 317
List the prime factors of 66740.
2, 5, 47, 71
What are the prime factors of 23674399?
7, 19, 59, 431
List the prime factors of 189931.
7, 43, 631
What are the prime factors of 2369014?
2, 1184507
What are the prime factors of 5733130?
2, 5, 13, 44101
What are the prime factors of 795697?
7, 71, 1601
What are the prime factors of 15504292?
2, 3876073
What are the prime factors of 44447?
13, 263
What are the prime factors of 430011?
3, 47779
What are the prime factors of 216957?
3, 13, 5563
What are the prime factors of 72